
Is 7237 composite?
False
Is 7835 a composite number?
True
Is 7079 prime?
True
Is 647 prime?
True
Is 1202131 composite?
True
Is 5471 a composite number?
False
Is 16769 prime?
False
Is 1391647 a prime number?
True
Is 3755 prime?
False
Is 31235 a prime number?
False
Is 7433 a prime number?
True
Is 11791 a prime number?
False
Is 3589 prime?
False
Is 26641 a prime number?
True
Is 110671 composite?
True
Is 96521 prime?
False
Is 23929 composite?
False
Is 15653 a prime number?
False
Is 10559 a composite number?
False
Is 13367 a prime number?
True
Is 1197509 a prime number?
True
Is 35935 a composite number?
True
Is 22107 prime?
False
Is 115057 a composite number?
False
Is 18649 composite?
True
Is 3407 a composite number?
False
Is 1611695 composite?
True
Is 2540173 composite?
False
Is 537 a composite number?
True
Is 212573 a prime number?
True
Is 198087 composite?
True
Is 11593 a composite number?
False
Is 3013 a prime number?
False
Is 22367 a composite number?
False
Is 130793 composite?
True
Is 2819 a prime number?
True
Is 89153 a prime number?
True
Is 1515029 a composite number?
False
Is 8882 composite?
True
Is 4621 a composite number?
False
Is 46723 composite?
False
Is 18862 composite?
True
Is 9895 a composite number?
True
Is 60559 composite?
True
Is 672703 a prime number?
True
Is 307 composite?
False
Is 18529 composite?
True
Is 34807 composite?
False
Is 929 a prime number?
True
Is 7243 a composite number?
False
Is 8069 a prime number?
True
Is 30029 composite?
False
Is 86287 composite?
False
Is 4867 prime?
False
Is 21977 a composite number?
False
Is 50639 composite?
True
Is 382 prime?
False
Is 17287 a composite number?
True
Is 1289203 composite?
True
Is 8191 a prime number?
True
Is 102691 prime?
False
Is 821 a prime number?
True
Is 67927 a composite number?
False
Is 527651 prime?
False
Is 455809 a composite number?
False
Is 1642 a prime number?
False
Is 24851 a composite number?
False
Is 2333 prime?
True
Is 59581 a prime number?
True
Is 55741 a composite number?
True
Is 77929 composite?
False
Is 1456001 a composite number?
False
Is 32933 a prime number?
True
Is 101009 prime?
True
Is 23717 prime?
False
Is 855059 prime?
True
Is 40253 composite?
False
Is 7993 a composite number?
False
Is 76427 a composite number?
True
Is 1201697 composite?
True
Is 17681 composite?
False
Is 37463 composite?
False
Is 27523 a composite number?
True
Is 5899 composite?
True
Is 6599 a prime number?
True
Is 21991 composite?
False
Is 2927 a composite number?
False
Is 34579 prime?
False
Is 7993 a composite number?
False
Is 9997 prime?
False
Is 350147 prime?
False
Is 1943363 composite?
False
Is 310859 a composite number?
True
Is 316189 prime?
True
Is 289343 a prime number?
True
Is 312469 a composite number?
False
Is 33409 prime?
True
Is 753 composite?
True
Is 2461 a prime number?
False
Is 6899 composite?
False
Is 159287 a composite number?
False
Is 2533 a composite number?
True
Is 223129 a composite number?
False
Is 11027 a composite number?
False
Is 513829 prime?
True
Is 32434 a composite number?
True
Is 154549 a prime number?
False
Is 1278443 a composite number?
True
Is 73543 prime?
False
Is 663627 a prime number?
False
Is 324355 a prime number?
False
Is 96847 composite?
False
Is 102407 composite?
False
Is 239189 a composite number?
True
Is 2229863 a prime number?
True
Is 70757 composite?
True
Is 223763 prime?
False
Is 1448983 a prime number?
True
Is 79093 composite?
True
Is 3079 prime?
True
Is 977 a composite number?
False
Is 181667 prime?
True
Is 1601687 composite?
False
Is 111467 composite?
False
Is 229531 composite?
True
Is 112163 a prime number?
True
Is 1539743 prime?
False
Is 3137 composite?
False
Is 237137 a composite number?
False
Is 276499 a composite number?
False
Is 314 a composite number?
True
Is 39209 a prime number?
True
Is 40343 a prime number?
True
Is 47237 prime?
True
Is 21877 a composite number?
True
Is 359311 prime?
True
Is 162142 a composite number?
True
Is 10219 a composite number?
True
Is 20518 a composite number?
True
Is 17291 a composite number?
False
Is 223999 a composite number?
False
Is 1872021 a composite number?
True
Is 341729 a prime number?
True
Is 182093 a composite number?
True
Is 207869 a prime number?
True
Is 90353 a prime number?
True
Is 464781 prime?
False
Is 45481 composite?
False
Is 76091 prime?
True
Is 302663 a prime number?
True
Is 15221 a composite number?
True
Is 1169653 composite?
True
Is 72769 a prime number?
False
Is 4547 prime?
True
Is 2707 a prime number?
True
Is 375629 a prime number?
False
Is 101681 a composite number?
False
Is 40871 prime?
False
Is 3791 prime?
False
Is 2777 a composite number?
False
Is 62066 a prime number?
False
Is 12587 prime?
False
Is 16931 composite?
False
Is 505339 a prime number?
True
Is 148079 a prime number?
True
Is 20411 prime?
True
Is 713049 a prime number?
False
Is 93307 a composite number?
False
Is 1361 a composite number?
False
Is 51691 composite?
False
Is 12433 prime?
True
Is 1075615 a composite number?
True
Is 19961 a composite number?
False
Is 236503 prime?
True
Is 42509 prime?
True
Is 2375063 prime?
False
Is 4327 a composite number?
False
Is 39397 a composite number?
False
Is 281509 a prime number?
True
Is 585579 composite?
True
Is 1801 a composite number?
False
Is 505889 a composite number?
True
Is 317857 a composite number?
False
Is 3389 composite?
False
Is 61331 composite?
False
Is 36319 composite?
False
Is 62243 a prime number?
False
Is 10169 a composite number?
False
Is 1753 prime?
True
Is 378071 composite?
False
Is 18863 a prime number?
False
Is 491 prime?
True
Is 470977 a composite number?
True
Is 27887 a prime number?
False
Is 38123 a prime number?
False
Is 42469 a prime number?
False
Is 1261 composite?
True
Is 5839 a composite number?
False
Is 304253 a prime number?
True
Is 839 a prime number?
True
Is 326279 composite?
True
Is 315971 composite?
True
Is 74687 prime?
True
Is 130483 a prime number?
True
Is 209609 a prime number?
False
Is 287047 composite?
False
Is 169619 composite?
True
Is 11777 composite?
False
Is 108911 a composite number?
True
Is 5347 a prime number?
True
Is 386213 composite?
True
Is 402991 prime?
True
Is 167309 prime?
True
Is 49843 a prime number?
True
Is 22951 a composite number?
True
Is 23 composite?
False
Is 602789 composite?
True
Is 52361 a composite number?
False
Is 1034531 a prime number?
False
Is 3959 composite?
True
Is 160418 composite?
True
Is 8033 composite?
True
Is 95063 a prime number?
True
Is 284857 prime?
True
Is 2267911 composite?
False
Is 1369 a composite number?
True
Is 93967 composite?
False
Is 3067 composite?
False
Is 17555 composite?
True
Is 58501 a composite number?
True
Is 3767849 a composite number?
True
Is 522661 a composite number?
False
Is 22961 a prime number?
True
Is 53665 a prime number?
False
Is 1561 a composite number?
True
Is 16547 a prime number?
True
Is 8779 prime?
True
Is 7151 a prime number?
True
Is 781409 composite?
False
Is 583969 a prime number?
True
Is 6415 composite?
True
Is 41131 composite?
False
Is 309061 composite?
True
Is 33923 composite?
False
Is 10847 composite?
False
Is 12781 prime?
True
Is 855553 a composite number?
True
Is 43159 prime?
True
Is 51217 a composite number?
False
Is 128761 a composite number?
False
Is 14243 composite?
False
Is 102629 prime?
False
Is 323369 composite?
False
Is 20717 a prime number?
True
Is 729977 prime?
True
Is 901063 a composite number?
False
Is 23281 a prime number?
False
Is 8809 composite?
True
Is 541469 prime?
True
Is 483289 composite?
False
Is 42841 prime?
True
Is 477209 prime?
True
Is 145357 prime?
False
Is 4691 a prime number?
True
Is 874537 composite?
False
Is 2707 a composite number?
False
Is 21919 a composite number?
True
Is 2362 composite?
True
Is 12151 prime?
False
Is 1207073 a prime number?
False
Is 20887 a prime number?
True
Is 7921 prime?
False
Is 33547 a prime number?
True
Is 15223 prime?
False
Is 3004762 a composite number?
True
Is 313097 prime?
False
Is 43391 a composite number?
False
Is 534773 prime?
False
Is 14969 composite?
False
Is 27439 prime?
False
Is 1535 composite?
True
Is 468509 a prime number?
True
Is 5629 a composite number?
True
Is 272345 prime?
False
Is 769837 a composite number?
False
Is 205019 a composite number?
False
Is 282253 composite?
False
Is 6693